{"id":144,"date":"2022-10-21T07:22:59","date_gmt":"2022-10-21T07:22:59","guid":{"rendered":"http:\/\/164.90.224.68\/?page_id=144"},"modified":"2023-01-13T13:04:19","modified_gmt":"2023-01-13T13:04:19","slug":"consultation-de-la-cataracte","status":"publish","type":"page","link":"https:\/\/augenaerzte-biel.ch\/fr\/nos-prestations\/consultation-de-la-cataracte\/","title":{"rendered":"Consultation de la cataracte"},"content":{"rendered":"<h3 class=\"wp-block-heading\">La cataracte, une vision troubl\u00e9e<\/h3>\n\n\n\n<p><em><em>Le terme \u00abcataracte\u00bb d\u00e9signe une opacit\u00e9 du cristallin de l&#8217;\u0153il. Celle-ci provoque un flou visuel progressif et souvent un \u00e9blouissement.<\/em><\/em><\/p>\n\n\n\n<p><strong><strong>D\u2019o\u00f9 vient la cataracte?<\/strong><br><\/strong>\u00c0 l&#8217;int\u00e9rieur de votre \u0153il, derri\u00e8re l&#8217;iris et la pupille, se trouve le cristallin. Dans un \u0153il normal, ce cristallin est clair (figure 1 et 2). Elle aide \u00e0 focaliser les rayons lumineux sur l&#8217;arri\u00e8re de l&#8217;\u0153il (la r\u00e9tine) qui envoie des messages au cerveau pour que nous puissions voir.&nbsp;Lorsque la cataracte se d\u00e9veloppe, le cristallin s&#8217;opacifie et emp\u00eache les rayons lumineux d&#8217;atteindre la r\u00e9tine (figure 3). L&#8217;image re\u00e7ue par la r\u00e9tine devient trouble et floue.&nbsp;La cataracte se formant g\u00e9n\u00e9ralement lentement, la plupart des gens voient leur vision se brouiller progressivement.<\/p>\n\n\n\n<figure class=\"wp-block-image size-large\"><img loading=\"lazy\" decoding=\"async\" width=\"1024\" height=\"682\" src=\"http:\/\/www.augenaerzte-biel.ch\/wp-content\/uploads\/2022\/10\/platzhalter-1024x682.jpeg\" alt=\"\" class=\"wp-image-66\" srcset=\"https:\/\/augenaerzte-biel.ch\/wp-content\/uploads\/2022\/10\/platzhalter-1024x682.jpeg 1024w, https:\/\/augenaerzte-biel.ch\/wp-content\/uploads\/2022\/10\/platzhalter-300x200.jpeg 300w, https:\/\/augenaerzte-biel.ch\/wp-content\/uploads\/2022\/10\/platzhalter-768x512.jpeg 768w, https:\/\/augenaerzte-biel.ch\/wp-content\/uploads\/2022\/10\/platzhalter-1536x1023.jpeg 1536w, https:\/\/augenaerzte-biel.ch\/wp-content\/uploads\/2022\/10\/platzhalter.jpeg 1600w\" sizes=\"auto, (max-width: 1024px) 100vw, 1024px\" \/><figcaption class=\"wp-element-caption\"><em>Figure 1:&nbsp;Avec le temps, le cristallin s\u2019opacifie. On appelle cela la cataracte.<\/em><\/figcaption><\/figure>\n\n\n\n<hr class=\"wp-block-separator has-alpha-channel-opacity is-style-wide\"\/>\n\n\n\n<p class=\"has-small-font-size\">La plupart des formes de cataracte se d\u00e9veloppent \u00e0 l&#8217;\u00e2ge adulte. Le processus normal du vieillissement entra\u00eene le durcissement et l&#8217;opacification du cristallin.&nbsp;&nbsp;C&#8217;est ce qu&#8217;on appelle la cataracte li\u00e9e \u00e0 l&#8217;\u00e2ge et c&#8217;est sa forme la plus courante. Elle peut survenir \u00e0 tout moment apr\u00e8s 40 ans.&nbsp;Si la plupart des cataractes sont li\u00e9es \u00e0 l&#8217;\u00e2ge, il en existe d\u2019autres types, comme la cataracte cong\u00e9nitale (pr\u00e9sentes \u00e0 la naissance), m\u00e9dicamenteuse (cortisone) et traumatique (blessure de l&#8217;\u0153il).&nbsp;&nbsp;La cataracte est en outre aussi plus fr\u00e9quente chez les personnes souffrant de certaines maladies, comme le diab\u00e8te.<\/p>\n\n\n\n<hr class=\"wp-block-separator has-alpha-channel-opacity is-style-wide\"\/>\n\n\n\n<p class=\"has-small-font-size\"><strong>Que faire?<\/strong><br>La chirurgie de la cataracte, seul traitement disponible actuellement, est tr\u00e8s efficace, simple et rapide pour la grande majorit\u00e9 des patients.&nbsp;&nbsp;Nous conseillons aux patients de se faire op\u00e9rer lorsque l\u2019avancement de leur cataracte compromet leurs activit\u00e9s quotidiennes ou leur mode de vie.<\/p>\n\n\n\n<figure class=\"wp-block-image size-large\"><img loading=\"lazy\" decoding=\"async\" width=\"1024\" height=\"682\" src=\"http:\/\/www.augenaerzte-biel.ch\/wp-content\/uploads\/2022\/10\/platzhalter-1024x682.jpeg\" alt=\"\" class=\"wp-image-66\" srcset=\"https:\/\/augenaerzte-biel.ch\/wp-content\/uploads\/2022\/10\/platzhalter-1024x682.jpeg 1024w, https:\/\/augenaerzte-biel.ch\/wp-content\/uploads\/2022\/10\/platzhalter-300x200.jpeg 300w, https:\/\/augenaerzte-biel.ch\/wp-content\/uploads\/2022\/10\/platzhalter-768x512.jpeg 768w, https:\/\/augenaerzte-biel.ch\/wp-content\/uploads\/2022\/10\/platzhalter-1536x1023.jpeg 1536w, https:\/\/augenaerzte-biel.ch\/wp-content\/uploads\/2022\/10\/platzhalter.jpeg 1600w\" sizes=\"auto, (max-width: 1024px) 100vw, 1024px\" \/><figcaption class=\"wp-element-caption\"><em>Figure 2: Cristallin clair<\/em><\/figcaption><\/figure>\n\n\n\n<figure class=\"wp-block-image size-large\"><img loading=\"lazy\" decoding=\"async\" width=\"1024\" height=\"682\" src=\"http:\/\/www.augenaerzte-biel.ch\/wp-content\/uploads\/2022\/10\/platzhalter-1024x682.jpeg\" alt=\"\" class=\"wp-image-66\" srcset=\"https:\/\/augenaerzte-biel.ch\/wp-content\/uploads\/2022\/10\/platzhalter-1024x682.jpeg 1024w, https:\/\/augenaerzte-biel.ch\/wp-content\/uploads\/2022\/10\/platzhalter-300x200.jpeg 300w, https:\/\/augenaerzte-biel.ch\/wp-content\/uploads\/2022\/10\/platzhalter-768x512.jpeg 768w, https:\/\/augenaerzte-biel.ch\/wp-content\/uploads\/2022\/10\/platzhalter-1536x1023.jpeg 1536w, https:\/\/augenaerzte-biel.ch\/wp-content\/uploads\/2022\/10\/platzhalter.jpeg 1600w\" sizes=\"auto, (max-width: 1024px) 100vw, 1024px\" \/><figcaption class=\"wp-element-caption\"><em>Figure 3: Cristallin opacifi\u00e9 par une cataracte<\/em><\/figcaption><\/figure>","protected":false},"excerpt":{"rendered":"<p>La cataracte, une vision troubl\u00e9e Le terme \u00abcataracte\u00bb d\u00e9signe une opacit\u00e9 du cristallin de l&#8217;\u0153il. Celle-ci provoque un flou visuel progressif et souvent un \u00e9blouissement. D\u2019o\u00f9 vient la cataracte?\u00c0 l&#8217;int\u00e9rieur de votre \u0153il, derri\u00e8re l&#8217;iris et la pupille, se trouve le cristallin. Dans un \u0153il normal, ce cristallin est clair (figure 1 et 2). Elle [&hellip;]<\/p>","protected":false},"author":1,"featured_media":0,"parent":134,"menu_order":12,"comment_status":"closed","ping_status":"closed","template":"","meta":{"_uag_custom_page_level_css":"","footnotes":""},"class_list":["post-144","page","type-page","status-publish","hentry"],"uagb_featured_image_src":{"full":false,"thumbnail":false,"medium":false,"medium_large":false,"large":false,"gs-tiny":false,"xl":false,"xxl":false,"xxxl":false,"xxxxl":false,"xxxxxl":false,"1536x1536":false,"2048x2048":false,"trp-custom-language-flag":false},"uagb_author_info":{"display_name":"Lasse","author_link":"https:\/\/augenaerzte-biel.ch\/fr\/author\/lasse\/"},"uagb_comment_info":0,"uagb_excerpt":"La cataracte, une vision troubl\u00e9e Le terme \u00abcataracte\u00bb d\u00e9signe une opacit\u00e9 du cristallin de l&#8217;\u0153il. Celle-ci provoque un flou visuel progressif et souvent un \u00e9blouissement. D\u2019o\u00f9 vient la cataracte?\u00c0 l&#8217;int\u00e9rieur de votre \u0153il, derri\u00e8re l&#8217;iris et la pupille, se trouve le cristallin. Dans un \u0153il normal, ce cristallin est clair (figure 1 et 2). Elle&hellip;","_links":{"self":[{"href":"https:\/\/augenaerzte-biel.ch\/fr\/wp-json\/wp\/v2\/pages\/144","targetHints":{"allow":["GET"]}}],"collection":[{"href":"https:\/\/augenaerzte-biel.ch\/fr\/wp-json\/wp\/v2\/pages"}],"about":[{"href":"https:\/\/augenaerzte-biel.ch\/fr\/wp-json\/wp\/v2\/types\/page"}],"author":[{"embeddable":true,"href":"https:\/\/augenaerzte-biel.ch\/fr\/wp-json\/wp\/v2\/users\/1"}],"replies":[{"embeddable":true,"href":"https:\/\/augenaerzte-biel.ch\/fr\/wp-json\/wp\/v2\/comments?post=144"}],"version-history":[{"count":3,"href":"https:\/\/augenaerzte-biel.ch\/fr\/wp-json\/wp\/v2\/pages\/144\/revisions"}],"predecessor-version":[{"id":478,"href":"https:\/\/augenaerzte-biel.ch\/fr\/wp-json\/wp\/v2\/pages\/144\/revisions\/478"}],"up":[{"embeddable":true,"href":"https:\/\/augenaerzte-biel.ch\/fr\/wp-json\/wp\/v2\/pages\/134"}],"wp:attachment":[{"href":"https:\/\/augenaerzte-biel.ch\/fr\/wp-json\/wp\/v2\/media?parent=144"}],"curies":[{"name":"wp","href":"https:\/\/api.w.org\/{rel}","templated":true}]}}

<h3 class="wp-block-heading">La cataracte, une vision troublée</h3>



<p><em><em>Le terme «cataracte» désigne une opacité du cristallin de l&#8217;œil. Celle-ci provoque un flou visuel progressif et souvent un éblouissement.</em></em></p>



<p><strong><strong>D’où vient la cataracte?</strong><br></strong>À l&#8217;intérieur de votre œil, derrière l&#8217;iris et la pupille, se trouve le cristallin. Dans un œil normal, ce cristallin est clair (figure 1 et 2). Elle aide à focaliser les rayons lumineux sur l&#8217;arrière de l&#8217;œil (la rétine) qui envoie des messages au cerveau pour que nous puissions voir.&nbsp;Lorsque la cataracte se développe, le cristallin s&#8217;opacifie et empêche les rayons lumineux d&#8217;atteindre la rétine (figure 3). L&#8217;image reçue par la rétine devient trouble et floue.&nbsp;La cataracte se formant généralement lentement, la plupart des gens voient leur vision se brouiller progressivement.</p>



<figure class="wp-block-image size-large"><img loading="lazy" decoding="async" width="1024" height="682" src="http://www.augenaerzte-biel.ch/wp-content/uploads/2022/10/platzhalter-1024x682.jpeg" alt="" class="wp-image-66" srcset="https://augenaerzte-biel.ch/wp-content/uploads/2022/10/platzhalter-1024x682.jpeg 1024w, https://augenaerzte-biel.ch/wp-content/uploads/2022/10/platzhalter-300x200.jpeg 300w, https://augenaerzte-biel.ch/wp-content/uploads/2022/10/platzhalter-768x512.jpeg 768w, https://augenaerzte-biel.ch/wp-content/uploads/2022/10/platzhalter-1536x1023.jpeg 1536w, https://augenaerzte-biel.ch/wp-content/uploads/2022/10/platzhalter.jpeg 1600w" sizes="auto, (max-width: 1024px) 100vw, 1024px" /><figcaption class="wp-element-caption"><em>Figure 1:&nbsp;Avec le temps, le cristallin s’opacifie. On appelle cela la cataracte.</em></figcaption></figure>



<hr class="wp-block-separator has-alpha-channel-opacity is-style-wide"/>



<p class="has-small-font-size">La plupart des formes de cataracte se développent à l&#8217;âge adulte. Le processus normal du vieillissement entraîne le durcissement et l&#8217;opacification du cristallin.&nbsp;&nbsp;C&#8217;est ce qu&#8217;on appelle la cataracte liée à l&#8217;âge et c&#8217;est sa forme la plus courante. Elle peut survenir à tout moment après 40 ans.&nbsp;Si la plupart des cataractes sont liées à l&#8217;âge, il en existe d’autres types, comme la cataracte congénitale (présentes à la naissance), médicamenteuse (cortisone) et traumatique (blessure de l&#8217;œil).&nbsp;&nbsp;La cataracte est en outre aussi plus fréquente chez les personnes souffrant de certaines maladies, comme le diabète.</p>



<hr class="wp-block-separator has-alpha-channel-opacity is-style-wide"/>



<p class="has-small-font-size"><strong>Que faire?</strong><br>La chirurgie de la cataracte, seul traitement disponible actuellement, est très efficace, simple et rapide pour la grande majorité des patients.&nbsp;&nbsp;Nous conseillons aux patients de se faire opérer lorsque l’avancement de leur cataracte compromet leurs activités quotidiennes ou leur mode de vie.</p>



<figure class="wp-block-image size-large"><img loading="lazy" decoding="async" width="1024" height="682" src="http://www.augenaerzte-biel.ch/wp-content/uploads/2022/10/platzhalter-1024x682.jpeg" alt="" class="wp-image-66" srcset="https://augenaerzte-biel.ch/wp-content/uploads/2022/10/platzhalter-1024x682.jpeg 1024w, https://augenaerzte-biel.ch/wp-content/uploads/2022/10/platzhalter-300x200.jpeg 300w, https://augenaerzte-biel.ch/wp-content/uploads/2022/10/platzhalter-768x512.jpeg 768w, https://augenaerzte-biel.ch/wp-content/uploads/2022/10/platzhalter-1536x1023.jpeg 1536w, https://augenaerzte-biel.ch/wp-content/uploads/2022/10/platzhalter.jpeg 1600w" sizes="auto, (max-width: 1024px) 100vw, 1024px" /><figcaption class="wp-element-caption"><em>Figure 2: Cristallin clair</em></figcaption></figure>



<figure class="wp-block-image size-large"><img loading="lazy" decoding="async" width="1024" height="682" src="http://www.augenaerzte-biel.ch/wp-content/uploads/2022/10/platzhalter-1024x682.jpeg" alt="" class="wp-image-66" srcset="https://augenaerzte-biel.ch/wp-content/uploads/2022/10/platzhalter-1024x682.jpeg 1024w, https://augenaerzte-biel.ch/wp-content/uploads/2022/10/platzhalter-300x200.jpeg 300w, https://augenaerzte-biel.ch/wp-content/uploads/2022/10/platzhalter-768x512.jpeg 768w, https://augenaerzte-biel.ch/wp-content/uploads/2022/10/platzhalter-1536x1023.jpeg 1536w, https://augenaerzte-biel.ch/wp-content/uploads/2022/10/platzhalter.jpeg 1600w" sizes="auto, (max-width: 1024px) 100vw, 1024px" /><figcaption class="wp-element-caption"><em>Figure 3: Cristallin opacifié par une cataracte</em></figcaption></figure>

<p>La cataracte, une vision troublée Le terme «cataracte» désigne une opacité du cristallin de l&#8217;œil. Celle-ci provoque un flou visuel progressif et souvent un éblouissement. D’où vient la cataracte?À l&#8217;intérieur de votre œil, derrière l&#8217;iris et la pupille, se trouve le cristallin. Dans un œil normal, ce cristallin est clair (figure 1 et 2). Elle [&hellip;]</p>

La cataracte, une vision troublée Le terme «cataracte» désigne une opacité du cristallin de l&#8217;œil. Celle-ci provoque un flou visuel progressif et souvent un éblouissement. D’où vient la cataracte?À l&#8217;intérieur de votre œil, derrière l&#8217;iris et la pupille, se trouve le cristallin. Dans un œil normal, ce cristallin est clair (figure 1 et 2). Elle&hellip;
